{"id":2092,"date":"2014-03-31T03:53:02","date_gmt":"2014-03-31T03:53:02","guid":{"rendered":"http:\/\/themenectar.com\/demo\/salient-frostwave\/?page_id=2092"},"modified":"2024-09-10T08:55:22","modified_gmt":"2024-09-10T12:55:22","slug":"contacto","status":"publish","type":"page","link":"https:\/\/www.cftestataltarapaca.cl\/admision\/contacto\/","title":{"rendered":"Contacto"},"content":{"rendered":"[vc_row type=&#8221;full_width_content&#8221; full_screen_row_position=&#8221;middle&#8221; scene_position=&#8221;center&#8221; text_color=&#8221;dark&#8221; text_align=&#8221;left&#8221; overlay_strength=&#8221;0.3&#8243; shape_divider_position=&#8221;bottom&#8221;][vc_column column_padding=&#8221;no-extra-padding&#8221; column_padding_position=&#8221;all&#8221; background_color_opacity=&#8221;1&#8243; background_hover_color_opacity=&#8221;1&#8243; column_shadow=&#8221;none&#8221; column_border_radius=&#8221;none&#8221; width=&#8221;1\/1&#8243; tablet_text_alignment=&#8221;default&#8221; phone_text_alignment=&#8221;default&#8221; column_border_width=&#8221;none&#8221; column_border_style=&#8221;solid&#8221;][vc_raw_html]JTNDaWZyYW1lJTIwc3JjJTNEJTIyaHR0cHMlM0ElMkYlMkZ3d3cuZ29vZ2xlLmNvbSUyRm1hcHMlMkZlbWJlZCUzRnBiJTNEJTIxMW0xOCUyMTFtMTIlMjExbTMlMjExZDM3NDIuNDEwODY4NTQ1NTEzJTIxMmQtNzAuMDk2NzA0Njg1MjI2NDElMjEzZC0yMC4yODMyNTM2ODY0MDY4OCUyMTJtMyUyMTFmMCUyMTJmMCUyMTNmMCUyMTNtMiUyMTFpMTAyNCUyMTJpNzY4JTIxNGYxMy4xJTIxM20zJTIxMW0yJTIxMXMweDkxNTIxNTU4OTExMGI2YjElMjUzQTB4NjRkMTE2N2U3ZTQ4ZmQyZSUyMTJzQ0ZUJTI1MjBFc3RhdGFsJTI1MjBUYXJhcGFjJTI1QzMlMjVBMSUyMTVlMCUyMTNtMiUyMTFzZXMlMjEyc2NsJTIxNHYxNjI3NTcyNzYyMTc2JTIxNW0yJTIxMXNlcyUyMTJzY2wlMjIlMjB3aWR0aCUzRCUyMjEwMCUyNSUyMiUyMGhlaWdodCUzRCUyMjUwMCUyMiUyMHN0eWxlJTNEJTIyYm9yZGVyJTNBMCUzQiUyMiUyMGFsbG93ZnVsbHNjcmVlbiUzRCUyMiUyMiUyMGxvYWRpbmclM0QlMjJsYXp5JTIyJTNFJTNDJTJGaWZyYW1lJTNF[\/vc_raw_html][\/vc_column][\/vc_row][vc_row type=&#8221;full_width_background&#8221; full_screen_row_position=&#8221;middle&#8221; scene_position=&#8221;center&#8221; text_color=&#8221;dark&#8221; text_align=&#8221;left&#8221; top_padding=&#8221;70&#8243; bottom_padding=&#8221;60&#8243; overlay_strength=&#8221;0.3&#8243; shape_divider_position=&#8221;bottom&#8221;][vc_column column_padding=&#8221;no-extra-padding&#8221; column_padding_position=&#8221;all&#8221; background_color_opacity=&#8221;1&#8243; background_hover_color_opacity=&#8221;1&#8243; column_shadow=&#8221;none&#8221; column_border_radius=&#8221;none&#8221; width=&#8221;2\/3&#8243; tablet_text_alignment=&#8221;default&#8221; phone_text_alignment=&#8221;default&#8221; column_border_width=&#8221;none&#8221; column_border_style=&#8221;solid&#8221;][vc_column_text]\n<h2 style=\"color: #5fc5e4;\">Consultas<\/h2>\n[\/vc_column_text][vc_column_text]<strong>\n<div class=\"wpcf7 no-js\" id=\"wpcf7-f3141-o1\" lang=\"es-CL\" dir=\"ltr\" data-wpcf7-id=\"3141\">\n<div class=\"screen-reader-response\"><p role=\"status\" aria-live=\"polite\" aria-atomic=\"true\"><\/p> <ul><\/ul><\/div>\n<form action=\"\/admision\/wp-json\/wp\/v2\/pages\/2092#wpcf7-f3141-o1\" method=\"post\" class=\"wpcf7-form init\" aria-label=\"Formulario de contacto\" novalidate=\"novalidate\" data-status=\"init\">\n<fieldset class=\"hidden-fields-container\"><input type=\"hidden\" name=\"_wpcf7\" value=\"3141\" \/><input type=\"hidden\" name=\"_wpcf7_version\" value=\"6.1.5\" \/><input type=\"hidden\" name=\"_wpcf7_locale\" value=\"es_CL\" \/><input type=\"hidden\" name=\"_wpcf7_unit_tag\" value=\"wpcf7-f3141-o1\" \/><input type=\"hidden\" name=\"_wpcf7_container_post\" value=\"0\" \/><input type=\"hidden\" name=\"_wpcf7_posted_data_hash\" value=\"\" \/><input type=\"hidden\" name=\"_wpcf7_recaptcha_response\" value=\"\" \/>\n<\/fieldset>\n<p><label> Nombre<br \/>\n<span class=\"wpcf7-form-control-wrap\" data-name=\"your-name\"><input size=\"40\" maxlength=\"400\" class=\"wpcf7-form-control wpcf7-text wpcf7-validates-as-required\" aria-required=\"true\" aria-invalid=\"false\" value=\"\" type=\"text\" name=\"your-name\" \/><\/span> <\/label>\n<\/p>\n<p><label> Email<br \/>\n<span class=\"wpcf7-form-control-wrap\" data-name=\"your-email\"><input size=\"40\" maxlength=\"400\" class=\"wpcf7-form-control wpcf7-email wpcf7-validates-as-required wpcf7-text wpcf7-validates-as-email\" aria-required=\"true\" aria-invalid=\"false\" value=\"\" type=\"email\" name=\"your-email\" \/><\/span> <\/label>\n<\/p>\n<p><label> Asunto<br \/>\n<span class=\"wpcf7-form-control-wrap\" data-name=\"your-subject\"><input size=\"40\" maxlength=\"400\" class=\"wpcf7-form-control wpcf7-text wpcf7-validates-as-required\" aria-required=\"true\" aria-invalid=\"false\" value=\"\" type=\"text\" name=\"your-subject\" \/><\/span> <\/label>\n<\/p>\n<p><label> Consulta:<br \/>\n<span class=\"wpcf7-form-control-wrap\" data-name=\"your-message\"><textarea cols=\"40\" rows=\"10\" maxlength=\"2000\" class=\"wpcf7-form-control wpcf7-textarea\" aria-invalid=\"false\" name=\"your-message\"><\/textarea><\/span> <\/label>\n<\/p>\n<p><input class=\"wpcf7-form-control wpcf7-submit has-spinner\" type=\"submit\" value=\"Enviar\" \/>\n<\/p><div class=\"wpcf7-response-output\" aria-hidden=\"true\"><\/div>\n<\/form>\n<\/div>\n<\/strong>[\/vc_column_text][\/vc_column][vc_column column_padding=&#8221;no-extra-padding&#8221; column_padding_position=&#8221;all&#8221; background_color_opacity=&#8221;1&#8243; background_hover_color_opacity=&#8221;1&#8243; column_shadow=&#8221;none&#8221; column_border_radius=&#8221;none&#8221; width=&#8221;1\/3&#8243; tablet_text_alignment=&#8221;default&#8221; phone_text_alignment=&#8221;default&#8221; column_border_width=&#8221;none&#8221; column_border_style=&#8221;solid&#8221;][vc_column_text]\n<h2 style=\"color: #5fc5e4;\">\u00a1Hablemos!<\/h2>\n<p>En el compromiso de estar conectados, es que la instituci\u00f3n responder\u00e1 todas las consultas y comentarios a trav\u00e9s de sus redes sociales (<strong>CFT Estatal Tarapaca<\/strong>) y WhatsApp de Admisi\u00f3n \u00a0<strong>+56978953861<\/strong>. Nuestro objetivo de informar y orientar en lo que se requiera respecto al proceso.<\/p>\n<p><strong>HORARIO DE ATENCI\u00d3N:<\/strong><\/p>\n<p>lunes a viernes 08:30 a 17:30 hrs.[\/vc_column_text]<div class=\"divider-wrap\"><div style=\"height: 5px;\" class=\"divider\"><\/div><\/div>[vc_column_text css=&#8221;.vc_custom_1725972920345{padding-top: 40px !important;}&#8221;]\n<h3 style=\"color: #5fc5e4;\">Admisi\u00f3n<\/h3>\n<div style=\"padding: 8px; background-color: #ededed; margin-bottom: 5px;\"><strong>Equipo: <\/strong><a href=\"mailto:admision@cftestataltarapaca.cl\">admision@cftestataltarapaca.cl<\/a><strong><br \/>\n<\/strong><\/div>\n<div style=\"padding: 8px; background-color: #ededed; margin-bottom: 5px;\"><strong>Coordinador: <\/strong>Jaime Silva <a href=\"mailto:jsilva@cftestataltarapaca.cl\">jsilva@cftestataltarapaca.cl<\/a><strong><br \/>\n<\/strong><\/div>\n<div style=\"padding: 8px; background-color: #ededed; margin-bottom: 5px;\"><strong>Ejecutiva: <\/strong>Jenifer Ahumada <a href=\"mailto:jahumada@cftestataltarapaca.cl\">jahumada@cftestataltarapaca.cl<\/a><strong><br \/>\n<\/strong><\/div>\n[\/vc_column_text][vc_column_text css=&#8221;.vc_custom_1659632710964{padding-top: 40px !important;}&#8221;]\n<h3 style=\"color: #5fc5e4;\">Bienestar\u00a0 Estudiantil<\/h3>\n<div style=\"padding: 8px; background-color: #ededed; margin-bottom: 5px;\"><strong>Equipo: <\/strong><a href=\"mailto:bienestarestudiantil@cftestataltarapaca.cl\">bienestarestudiantil@cftestataltarapaca.cl<\/a><strong><br \/>\n<\/strong><\/div>\n<div style=\"padding: 8px; background-color: #ededed; margin-bottom: 5px;\"><strong>Encargado: <\/strong>Eduardo Navarro <a href=\"mailto:enavarro@cftestataltarapaca.cl\">enavarro@cftestataltarapaca.cl<\/a><strong><br \/>\n<\/strong><\/div>\n<div style=\"padding: 8px; background-color: #ededed; margin-bottom: 5px;\"><strong>Trabajadora Social: <\/strong>Suny Fuentes <a href=\"mailto:sfuentes@cftestataltarapaca.cl\">sfuentes@cftestataltarapaca.cl<\/a><strong><br \/>\n<\/strong><\/div>\n[\/vc_column_text]<div class=\"col span_6\" data-animation=\"\" data-delay=\"0\">[vc_column_text][\/vc_column_text]<\/div><div class=\"col span_6 col_last\" data-animation=\"\" data-delay=\"0\">[vc_column_text][\/vc_column_text]<\/div><div class=\"clear\"><\/div>[\/vc_column][\/vc_row]\n","protected":false},"excerpt":{"rendered":"<p>[vc_row type=&#8221;full_width_content&#8221; full_screen_row_position=&#8221;middle&#8221; scene_position=&#8221;center&#8221; text_color=&#8221;dark&#8221; text_align=&#8221;left&#8221; overlay_strength=&#8221;0.3&#8243; shape_divider_position=&#8221;bottom&#8221;][vc_column column_padding=&#8221;no-extra-padding&#8221; column_padding_position=&#8221;all&#8221; background_color_opacity=&#8221;1&#8243; background_hover_color_opacity=&#8221;1&#8243; column_shadow=&#8221;none&#8221; column_border_radius=&#8221;none&#8221; width=&#8221;1\/1&#8243; tablet_text_alignment=&#8221;default&#8221; phone_text_alignment=&#8221;default&#8221; column_border_width=&#8221;none&#8221; column_border_style=&#8221;solid&#8221;][vc_raw_html]JTNDaWZyYW1lJTIwc3JjJTNEJTIyaHR0cHMlM0ElMkYlMkZ3d3cuZ29vZ2xlLmNvbSUyRm1hcHMlMkZlbWJlZCUzRnBiJTNEJTIxMW0xOCUyMTFtMTIlMjExbTMlMjExZDM3NDIuNDEwODY4NTQ1NTEzJTIxMmQtNzAuMDk2NzA0Njg1MjI2NDElMjEzZC0yMC4yODMyNTM2ODY0MDY4OCUyMTJtMyUyMTFmMCUyMTJmMCUyMTNmMCUyMTNtMiUyMTFpMTAyNCUyMTJpNzY4JTIxNGYxMy4xJTIxM20zJTIxMW0yJTIxMXMweDkxNTIxNTU4OTExMGI2YjElMjUzQTB4NjRkMTE2N2U3ZTQ4ZmQyZSUyMTJzQ0ZUJTI1MjBFc3RhdGFsJTI1MjBUYXJhcGFjJTI1QzMlMjVBMSUyMTVlMCUyMTNtMiUyMTFzZXMlMjEyc2NsJTIxNHYxNjI3NTcyNzYyMTc2JTIxNW0yJTIxMXNlcyUyMTJzY2wlMjIlMjB3aWR0aCUzRCUyMjEwMCUyNSUyMiUyMGhlaWdodCUzRCUyMjUwMCUyMiUyMHN0eWxlJTNEJTIyYm9yZGVyJTNBMCUzQiUyMiUyMGFsbG93ZnVsbHNjcmVlbiUzRCUyMiUyMiUyMGxvYWRpbmclM0QlMjJsYXp5JTIyJTNFJTNDJTJGaWZyYW1lJTNF[\/vc_raw_html][\/vc_column][\/vc_row][vc_row type=&#8221;full_width_background&#8221; full_screen_row_position=&#8221;middle&#8221; scene_position=&#8221;center&#8221; text_color=&#8221;dark&#8221; text_align=&#8221;left&#8221; top_padding=&#8221;70&#8243; bottom_padding=&#8221;60&#8243; overlay_strength=&#8221;0.3&#8243; shape_divider_position=&#8221;bottom&#8221;][vc_column column_padding=&#8221;no-extra-padding&#8221; column_padding_position=&#8221;all&#8221;&#8230;<\/p>\n","protected":false},"author":1,"featured_media":0,"parent":0,"menu_order":10,"comment_status":"open","ping_status":"open","template":"","meta":{"footnotes":""},"class_list":["post-2092","page","type-page","status-publish","hentry"],"_links":{"self":[{"href":"https:\/\/www.cftestataltarapaca.cl\/admision\/wp-json\/wp\/v2\/pages\/2092","targetHints":{"allow":["GET"]}}],"collection":[{"href":"https:\/\/www.cftestataltarapaca.cl\/admision\/wp-json\/wp\/v2\/pages"}],"about":[{"href":"https:\/\/www.cftestataltarapaca.cl\/admision\/wp-json\/wp\/v2\/types\/page"}],"author":[{"embeddable":true,"href":"https:\/\/www.cftestataltarapaca.cl\/admision\/wp-json\/wp\/v2\/users\/1"}],"replies":[{"embeddable":true,"href":"https:\/\/www.cftestataltarapaca.cl\/admision\/wp-json\/wp\/v2\/comments?post=2092"}],"version-history":[{"count":17,"href":"https:\/\/www.cftestataltarapaca.cl\/admision\/wp-json\/wp\/v2\/pages\/2092\/revisions"}],"predecessor-version":[{"id":6157,"href":"https:\/\/www.cftestataltarapaca.cl\/admision\/wp-json\/wp\/v2\/pages\/2092\/revisions\/6157"}],"wp:attachment":[{"href":"https:\/\/www.cftestataltarapaca.cl\/admision\/wp-json\/wp\/v2\/media?parent=2092"}],"curies":[{"name":"wp","href":"https:\/\/api.w.org\/{rel}","templated":true}]}}