{"id":2655,"date":"2021-04-02T17:00:48","date_gmt":"2021-04-02T20:00:48","guid":{"rendered":"https:\/\/www.cftestataltarapaca.cl\/admision\/?page_id=2655"},"modified":"2025-09-03T11:05:21","modified_gmt":"2025-09-03T15:05:21","slug":"apoyo","status":"publish","type":"page","link":"https:\/\/www.cftestataltarapaca.cl\/admision\/apoyo\/","title":{"rendered":"Apoyo"},"content":{"rendered":"[vc_row type=&#8221;in_container&#8221; full_screen_row_position=&#8221;middle&#8221; scene_position=&#8221;center&#8221; text_color=&#8221;dark&#8221; text_align=&#8221;left&#8221; overlay_strength=&#8221;0.3&#8243; shape_divider_position=&#8221;bottom&#8221;][vc_column column_padding=&#8221;padding-8-percent&#8221; column_padding_position=&#8221;top&#8221; background_color_opacity=&#8221;1&#8243; background_hover_color_opacity=&#8221;1&#8243; column_shadow=&#8221;none&#8221; column_border_radius=&#8221;none&#8221; width=&#8221;1\/1&#8243; tablet_text_alignment=&#8221;default&#8221; phone_text_alignment=&#8221;default&#8221; column_border_width=&#8221;none&#8221; column_border_style=&#8221;solid&#8221;][vc_column_text]\n<h1 style=\"color: #52b4dc;\"><b>OBJETIVO DEL PROGRAMA<br \/>\n<\/b><\/h1>\n<p style=\"text-align: justify;\">Apoyar a los alumnos de primer a\u00f1o en sus dimensiones acad\u00e9micas y social, con el fin de lograr la progresi\u00f3n acad\u00e9mica esperada, el logro de los objetivos de aprendizajes y desarrollo de competencias que los perfiles de egreso de las carreras requieren, mediante la aplicaci\u00f3n de diversas t\u00e1cticas y estrategias de orientaci\u00f3n y apoyo.<\/p>\n<h4 style=\"text-align: justify;\">El programa contempla 2 aspectos, Apoyo Acad\u00e9mico y Apoyo Psicosocial.<\/h4>\n[\/vc_column_text][\/vc_column][\/vc_row][vc_row type=&#8221;full_width_background&#8221; full_screen_row_position=&#8221;middle&#8221; scene_position=&#8221;center&#8221; text_color=&#8221;dark&#8221; text_align=&#8221;left&#8221; top_padding=&#8221;80&#8243; bottom_padding=&#8221;80&#8243; overlay_strength=&#8221;0.3&#8243; shape_divider_position=&#8221;bottom&#8221;][vc_column column_padding=&#8221;no-extra-padding&#8221; column_padding_position=&#8221;all&#8221; background_color_opacity=&#8221;1&#8243; background_hover_color_opacity=&#8221;1&#8243; column_shadow=&#8221;none&#8221; column_border_radius=&#8221;none&#8221; width=&#8221;1\/2&#8243; tablet_text_alignment=&#8221;default&#8221; phone_text_alignment=&#8221;default&#8221; column_border_width=&#8221;none&#8221; column_border_style=&#8221;solid&#8221;][vc_column_text]\n<h3 style=\"color: #50c39f;\">Evaluaci\u00f3n Diagn\u00f3stica:<\/h3>\n<p style=\"text-align: justify;\">Que busca conocer los conocimientos que los alumnos traen al ingresar a su primer semestre, tanto en matem\u00e1ticas como en comunicaci\u00f3n, con ello es posible determinar si un postulante a la instituci\u00f3n posee las competencias matem\u00e1ticas habilitantes para ingresar al programa de estudio al cual postula, as\u00ed como tambi\u00e9n, detectar las necesidades de nivelaci\u00f3n y apoyo acad\u00e9mico, generando instancias de derivaci\u00f3n seg\u00fan el resultado obtenido. Esta evaluaci\u00f3n se realiza antes del inicio del a\u00f1o acad\u00e9mico a todos los alumnos nuevos.<\/p>\n<hr \/>\n<h3 style=\"color: #50c39f;\">Semana de Inducci\u00f3n:<\/h3>\n<p style=\"text-align: justify;\">Inicio del ciclo de formaci\u00f3n para los alumnos nuevos del CFT Estatal de Tarapac\u00e1 a trav\u00e9s de la que no solo se recibe y acoge a estudiantes, sino tambi\u00e9n se les proporciona informaci\u00f3n importante para desenvolverse con \u00e9xito en la educaci\u00f3n superior e incentiva compartimento solidario, cercano y respeto entre alumnos nuevos, docentes y personal administrativo.<\/p>\n<hr \/>\n<h3 style=\"color: #50c39f;\">Nivelaci\u00f3n:<\/h3>\n<p style=\"text-align: justify;\">Instancia de apoyo, orientada fortalecer las conductas de entrada de los alumnos en las \u00e1reas de matem\u00e1ticas, basadas en resultados aplicados en evaluaci\u00f3n diagn\u00f3stica. Se trata de intervenciones complementarias al plan de estudios que permiten disminuir las brechas de competencias que presentan los estudiantes al inicio o durante su trayecto formativo y mejorar los resultados de una asignatura.<\/p>\n<hr \/>\n<h3 style=\"color: #50c39f;\">Tutor\u00edas:<\/h3>\n<p style=\"text-align: justify;\">Acompa\u00f1amiento durante el proceso formativo de los estudiantes, que se lleva a cabo mediante atenci\u00f3n personalizada, para alumnos que requieren orientaci\u00f3n y, eventualmente, derivaci\u00f3n a otra intervenci\u00f3n, con foco en alumnos de primer a\u00f1o. Se apoya la progresi\u00f3n de cada estudiante y con ello se evita la deserci\u00f3n temprana de los alumnos de primer a\u00f1o.<\/p>\n<hr \/>\n<h3 style=\"color: #50c39f;\">Talleres de Reforzamiento:<\/h3>\n<p style=\"text-align: justify;\">Corresponden a sesiones en aula de grupos de alumnos con un docente, donde se ejecutan actividades de reforzamiento, ejercitaci\u00f3n y resoluci\u00f3n de problemas de manera grupal.<\/p>\n<hr \/>\n<h3 style=\"color: #50c39f;\">Ayudant\u00edas:<\/h3>\n<p style=\"text-align: justify;\">Se trata de una actividad complementaria a una asignatura curricular, cuyo objetivo es apoyar al alumno en su desarrollo acad\u00e9mico, para cumplir con las exigencias del programa de estudios. Considera actividades de ejercitaci\u00f3n o reforzamiento de contenidos, aclaraci\u00f3n de dudas de alumnos y revisi\u00f3n de materias vistas en clases por el docente de cada asignatura, entre otras, con la finalidad de disminuir las brechas de competencias que presentan los alumnos al inicio o durante su trayecto formativo y mejorar su resultado en la asignatura.<\/p>\n<hr \/>\n<h3 style=\"color: #50c39f;\">Apoyo uso de plataforma:<\/h3>\n<p style=\"text-align: justify;\">El fin de esta iniciativa es generar instancias de soporte y manejo de la plataforma con los alumnos. Para ello se cuenta con 3 coordinadores de especialidad que resolver\u00e1n dudas en el manejo de la plataforma.<\/p>\n<hr \/>\n<h3 style=\"color: #50c39f;\">Apoyo extracurricular:<\/h3>\n<p style=\"text-align: justify;\">Se brinda apoyo en aspectos asociados a deporte, vida sana, recreaci\u00f3n y cultura a trav\u00e9s de diversas actividades.<\/p>\n[\/vc_column_text][\/vc_column][vc_column column_padding=&#8221;no-extra-padding&#8221; column_padding_position=&#8221;all&#8221; background_color_opacity=&#8221;1&#8243; background_hover_color_opacity=&#8221;1&#8243; column_shadow=&#8221;none&#8221; column_border_radius=&#8221;none&#8221; width=&#8221;1\/2&#8243; tablet_text_alignment=&#8221;default&#8221; phone_text_alignment=&#8221;default&#8221; column_border_width=&#8221;none&#8221; column_border_style=&#8221;solid&#8221;][vc_column_text]\n<h3 style=\"color: #cb658d;\">Apoyo en Bienestar Estudiantil:<\/h3>\n<p style=\"text-align: justify;\">Corresponde a un proceso permanente, orientado a gestionar los procesos de beneficios y financiamiento a los cuales pueden acceder los alumnos del Centro de Formaci\u00f3n T\u00e9cnica Estatal de Tarapac\u00e1, ejecutando la aplicaci\u00f3n de los diferentes procedimientos de becas, cr\u00e9ditos y otros beneficios, que el Estado, la Instituci\u00f3n u otras entidades ponen a disposici\u00f3n de los estudiantes, enmarcado en el contexto legal actual y los objetivos institucionales.<\/p>\n<hr \/>\n<h3 style=\"color: #cb658d;\">Apoyo Psicopedag\u00f3gico<\/h3>\n<p style=\"text-align: justify;\">El apoyo Psicopedag\u00f3gico es un apoyo y asesoramiento psico-educativo, que busca ayudar y contener los problemas y efectos que puedan surgir a trav\u00e9s de la metodolog\u00eda de clases online, organizando rutinas de estudios y as\u00ed estar bien preparados para enfrentar la formaci\u00f3n acad\u00e9mica a distancia. Esto opera mediante video llamadas y citas previamente programadas, a trav\u00e9s de la p\u00e1gina web del CFT.<\/p>\n<p style=\"text-align: justify;\">De igual manera se realizar\u00e1n los siguientes talleres:<\/p>\n<h4 style=\"color: #cb658d;\">Talleres de t\u00e9cnicas de estudios<\/h4>\n<p style=\"text-align: justify;\">Se realizar\u00e1n talleres de t\u00e9cnicas de estudios semestrales, en modalidad presencial y on line seg\u00fan sea el caso, que contribuya a potenciar los h\u00e1bitos de estudios de los estudiantes.<\/p>\n<h4 style=\"color: #cb658d;\">Talleres motivacionales<\/h4>\n<p style=\"text-align: justify;\">Se realizar\u00e1n talleres motivacionales, que contribuyan a disminuir los estados emocionales de ansiedad y tensi\u00f3n de los estudiantes, con el fin de reforzar sus niveles de motivaci\u00f3n.<\/p>\n[\/vc_column_text][\/vc_column][\/vc_row]\n","protected":false},"excerpt":{"rendered":"<p>[vc_row type=&#8221;in_container&#8221; full_screen_row_position=&#8221;middle&#8221; scene_position=&#8221;center&#8221; text_color=&#8221;dark&#8221; text_align=&#8221;left&#8221; overlay_strength=&#8221;0.3&#8243; shape_divider_position=&#8221;bottom&#8221;][vc_column column_padding=&#8221;padding-8-percent&#8221; column_padding_position=&#8221;top&#8221; background_color_opacity=&#8221;1&#8243; background_hover_color_opacity=&#8221;1&#8243; column_shadow=&#8221;none&#8221; column_border_radius=&#8221;none&#8221; width=&#8221;1\/1&#8243; tablet_text_alignment=&#8221;default&#8221; phone_text_alignment=&#8221;default&#8221; column_border_width=&#8221;none&#8221; column_border_style=&#8221;solid&#8221;][vc_column_text] OBJETIVO DEL PROGRAMA Apoyar a los alumnos de primer a\u00f1o en&#8230;<\/p>\n","protected":false},"author":1,"featured_media":0,"parent":0,"menu_order":0,"comment_status":"open","ping_status":"open","template":"","meta":{"footnotes":""},"class_list":["post-2655","page","type-page","status-publish","hentry"],"_links":{"self":[{"href":"https:\/\/www.cftestataltarapaca.cl\/admision\/wp-json\/wp\/v2\/pages\/2655","targetHints":{"allow":["GET"]}}],"collection":[{"href":"https:\/\/www.cftestataltarapaca.cl\/admision\/wp-json\/wp\/v2\/pages"}],"about":[{"href":"https:\/\/www.cftestataltarapaca.cl\/admision\/wp-json\/wp\/v2\/types\/page"}],"author":[{"embeddable":true,"href":"https:\/\/www.cftestataltarapaca.cl\/admision\/wp-json\/wp\/v2\/users\/1"}],"replies":[{"embeddable":true,"href":"https:\/\/www.cftestataltarapaca.cl\/admision\/wp-json\/wp\/v2\/comments?post=2655"}],"version-history":[{"count":2,"href":"https:\/\/www.cftestataltarapaca.cl\/admision\/wp-json\/wp\/v2\/pages\/2655\/revisions"}],"predecessor-version":[{"id":2657,"href":"https:\/\/www.cftestataltarapaca.cl\/admision\/wp-json\/wp\/v2\/pages\/2655\/revisions\/2657"}],"wp:attachment":[{"href":"https:\/\/www.cftestataltarapaca.cl\/admision\/wp-json\/wp\/v2\/media?parent=2655"}],"curies":[{"name":"wp","href":"https:\/\/api.w.org\/{rel}","templated":true}]}}