{"id":1291,"date":"2019-03-15T18:09:13","date_gmt":"2019-03-15T18:09:13","guid":{"rendered":"http:\/\/www.cftestataltarapaca.cl\/inicio\/?page_id=1291"},"modified":"2020-08-24T23:52:20","modified_gmt":"2020-08-24T23:52:20","slug":"mapa-del-sitio","status":"publish","type":"page","link":"https:\/\/www.cftestataltarapaca.cl\/inicio\/mapa-del-sitio\/","title":{"rendered":"Mapa del Sitio"},"content":{"rendered":"[vc_row type=\u00bbfull_width_background\u00bb full_screen_row_position=\u00bbmiddle\u00bb bg_image=\u00bb1255&#8243; bg_position=\u00bbleft top\u00bb bg_repeat=\u00bbno-repeat\u00bb bg_color=\u00bb#46b1d6&#8243; scene_position=\u00bbcenter\u00bb text_color=\u00bblight\u00bb text_align=\u00bbleft\u00bb overlay_strength=\u00bb0.3&#8243; shape_divider_position=\u00bbbottom\u00bb shape_type=\u00bb\u00bb][vc_column column_padding=\u00bbno-extra-padding\u00bb column_padding_position=\u00bball\u00bb background_color_opacity=\u00bb1&#8243; background_hover_color_opacity=\u00bb1&#8243; column_shadow=\u00bbnone\u00bb column_border_radius=\u00bbnone\u00bb top_margin=\u00bb20&#8243; bottom_margin=\u00bb20&#8243; width=\u00bb1\/1&#8243; tablet_text_alignment=\u00bbdefault\u00bb phone_text_alignment=\u00bbdefault\u00bb column_border_width=\u00bbnone\u00bb column_border_style=\u00bbsolid\u00bb][vc_column_text css=\u00bb.vc_custom_1554121192910{padding-top: 35px !important;}\u00bb]\n<h2 style=\"text-align: center;\">Mapa del Sitio<\/h2>\n[\/vc_column_text][\/vc_column][\/vc_row][vc_row type=\u00bbin_container\u00bb full_screen_row_position=\u00bbmiddle\u00bb scene_position=\u00bbcenter\u00bb text_color=\u00bbdark\u00bb text_align=\u00bbleft\u00bb overlay_strength=\u00bb0.3&#8243; shape_divider_position=\u00bbbottom\u00bb][vc_column column_padding=\u00bbno-extra-padding\u00bb column_padding_position=\u00bball\u00bb background_color_opacity=\u00bb1&#8243; background_hover_color_opacity=\u00bb1&#8243; column_shadow=\u00bbnone\u00bb column_border_radius=\u00bbnone\u00bb width=\u00bb1\/1&#8243; tablet_text_alignment=\u00bbdefault\u00bb phone_text_alignment=\u00bbdefault\u00bb column_border_width=\u00bbnone\u00bb column_border_style=\u00bbsolid\u00bb]<div class=\"divider-wrap\"><div style=\"margin-top: 12px; height: 1px; margin-bottom: 12px;\" data-width=\"100%\" data-animate=\"\" data-animation-delay=\"\" data-color=\"default\" class=\"divider-border\"><\/div><\/div>[\/vc_column][\/vc_row][vc_row type=\u00bbin_container\u00bb full_screen_row_position=\u00bbmiddle\u00bb scene_position=\u00bbcenter\u00bb text_color=\u00bbdark\u00bb text_align=\u00bbleft\u00bb overlay_strength=\u00bb0.3&#8243; shape_divider_position=\u00bbbottom\u00bb][vc_column column_padding=\u00bbno-extra-padding\u00bb column_padding_position=\u00bball\u00bb background_color_opacity=\u00bb1&#8243; background_hover_color_opacity=\u00bb1&#8243; column_shadow=\u00bbnone\u00bb column_border_radius=\u00bbnone\u00bb width=\u00bb1\/1&#8243; tablet_text_alignment=\u00bbdefault\u00bb phone_text_alignment=\u00bbdefault\u00bb column_border_width=\u00bbnone\u00bb column_border_style=\u00bbsolid\u00bb][vc_column_text]\n<h2>Men\u00fa de Navegaci\u00f3n Principal<\/h2>\n<ol>\n<li><a href=\"http:\/\/www.cftestataltarapaca.cl\/inicio\/\">Inicio<\/a><\/li>\n<li>Nosotros\n<ol>\n<li><a href=\"http:\/\/www.cftestataltarapaca.cl\/inicio\/historia\/\">Historia<\/a><\/li>\n<li><a href=\"https:\/\/www.cftestataltarapaca.cl\/inicio\/mision-vision\/\">Misi\u00f3n y Visi\u00f3n<\/a><\/li>\n<li><a href=\"http:\/\/www.cftestataltarapaca.cl\/inicio\/directorio\/\">Directorio<\/a><\/li>\n<li><a href=\"http:\/\/www.cftestataltarapaca.cl\/inicio\/organigrama\/\">Organigrama<\/a><\/li>\n<li><a href=\"http:\/\/www.cftestataltarapaca.cl\/inicio\/actas\/\">Actas<\/a><\/li>\n<li>Documentos\n<ul>\n<li><a href=\"https:\/\/www.cftestataltarapaca.cl\/inicio\/actas\/\">Actas<\/a><\/li>\n<li><a href=\"https:\/\/www.cftestataltarapaca.cl\/inicio\/reglamentos\/\">Reglamentos<\/a><\/li>\n<li><a href=\"http:\/\/www.cftestataltarapaca.cl\/documentos\/Cuenta_Publica_CFTEstatalTarapaca_2019.pdf\">Cuenta P\u00fablica 2019<\/a><\/li>\n<li><a href=\"http:\/\/www.cftestataltarapaca.cl\/documentos\/PDI-CFT-ESTATAL-TARAPACA.pdf\">Proyecto de Desarrollo Institucional<\/a><\/li>\n<li><a href=\"http:\/\/www.cftestataltarapaca.cl\/documentos\/PEI-CFT-ESTATAL-TARAPACA.pdf\">Proyecto Educativo Institucional<\/a><\/li>\n<\/ul>\n<\/li>\n<\/ol>\n<\/li>\n<li>Carreras\n<ol>\n<li><a href=\"https:\/\/www.cftestataltarapaca.cl\/2021\/administracion-de-empresas\/\">TNS en Administraci\u00f3n de Empresas<\/a><\/li>\n<li><a href=\"https:\/\/www.cftestataltarapaca.cl\/2020\/administracion-publica\/\">TNS en Administraci\u00f3n P\u00fablica<\/a><\/li>\n<li><a href=\"https:\/\/www.cftestataltarapaca.cl\/2021\/educacion-parvularia\/\">TNS en Educaci\u00f3n Parvularia<\/a><\/li>\n<li><a href=\"https:\/\/www.cftestataltarapaca.cl\/2021\/electrico-energias-renovables\/\">TNS El\u00e9ctrico en Energ\u00edas Renovables<\/a><\/li>\n<li><a href=\"https:\/\/www.cftestataltarapaca.cl\/2021\/enfermeria\/\">TNS en Enfermer\u00eda<\/a><\/li>\n<li><a href=\"https:\/\/www.cftestataltarapaca.cl\/2021\/logistica\/\">TNS en Log\u00edstica<\/a><\/li>\n<li><a href=\"https:\/\/www.cftestataltarapaca.cl\/2021\/mecanico-mantenimiento-predictivo\/\">TNS Mec\u00e1nico en Mantenimiento Predictivo<\/a><\/li>\n<\/ol>\n<\/li>\n<li>Vinculaci\u00f3n\n<ol>\n<li><a href=\"https:\/\/www.cftestataltarapaca.cl\/inicio\/vinculacion\/\">Coordinaci\u00f3n de Vinculaci\u00f3n<\/a><\/li>\n<li><a href=\"https:\/\/www.cftestataltarapaca.cl\/inicio\/convenios\/\">Convenios de Colaboraci\u00f3n<\/a><\/li>\n<li><a href=\"https:\/\/www.cftestataltarapaca.cl\/inicio\/programa-sence\/\">Programa F\u00f3rmate para el Trabajo<\/a><\/li>\n<\/ol>\n<\/li>\n<li><a href=\"http:\/\/www.cftestataltarapaca.cl\/admision\/\">Admisi\u00f3n<\/a><\/li>\n<li>Estudiantes\n<ol>\n<li><a href=\"https:\/\/www.cftestataltarapaca.cl\/inicio\/buzon\/\">Buz\u00f3n de Sugerencias<\/a><\/li>\n<li><a href=\"https:\/\/www.cftestataltarapaca.cl\/inicio\/solicitudes\/\">Solicitudes Online<\/a><\/li>\n<li><a href=\"https:\/\/www.cftestataltarapaca.cl\/inicio\/apoyo-psicopedagogico\/\">Apoyo Psicopedag\u00f3gico<\/a><\/li>\n<li><a href=\"http:\/\/www.cftestataltarapaca.cl\/inicio\/calendario-academico\/\">Calendario Acad\u00e9mico<\/a><\/li>\n<li><a href=\"https:\/\/www.cftestataltarapaca.cl\/2021\/beneficios\/\">Becas y Beneficios<\/a><\/li>\n<li><a href=\"https:\/\/www.cftestataltarapaca.cl\/inicio\/proceso-articulacion\/\">Proceso de Articulaci\u00f3n<\/a><\/li>\n<li><a href=\"hhttp:\/\/www.cftestataltarapaca.cl\/inicio\/guia-telefonica\/\">Gu\u00eda Telef\u00f3nica<\/a><\/li>\n<\/ol>\n<\/li>\n<li>Acad\u00e9micos\n<ol>\n<li><a href=\"http:\/\/www.cftestataltarapaca.cl\/inicio\/jefes-de-carreras\/\">Jefes de Carrera<\/a><\/li>\n<li><a href=\"http:\/\/www.cftestataltarapaca.cl\/inicio\/coordinadores-academicos\/\">Coordinadores Acad\u00e9micos<\/a><\/li>\n<\/ol>\n<\/li>\n<li><a href=\"http:\/\/www.cftestataltarapaca.cl\/inicio\/noticias\/\">Noticias<\/a><\/li>\n<li>Intranet\n<ol>\n<li><a href=\"https:\/\/classroom.google.com\/?emr=0\">Aula Virtual<\/a><\/li>\n<li><a href=\"http:\/\/cet.umas.cl\/alumnosnet\/\">Estudiantes<\/a><\/li>\n<li><a href=\"http:\/\/cet.umas.cl\/docentesnet\/\">Docentes<\/a><\/li>\n<li><a href=\"http:\/\/cet.umas.cl\/umasnet\/Home2.aspx\">Funcionarios<\/a><\/li>\n<li><a href=\"http:\/\/cftestatales.odilotk.es\/\">Biblioteca Digital<\/a><\/li>\n<li><a href=\"http:\/\/www.gmail.com\/\">Webmail<\/a><\/li>\n<li><a href=\"https:\/\/www.geovictoria.com\/cl\/login\/\">Registro Asistencia<\/a><\/li>\n<\/ol>\n<\/li>\n<\/ol>\n<h2>Men\u00fa Superior<\/h2>\n<ol>\n<li><a href=\"https:\/\/www.portaltransparencia.cl\/PortalPdT\/pdtta?codOrganismo=CF003\">Transparencia Activa<\/a><\/li>\n<li><a href=\"https:\/\/www.portaltransparencia.cl\/PortalPdT\/ingreso-sai-v2?idOrg=undefined\">Solicitud de Informaci\u00f3n<\/a><\/li>\n<li><a href=\"https:\/\/www.leylobby.gob.cl\/instituciones\/CF003\">Ley de Lobby<\/a><\/li>\n<li><a href=\"http:\/\/www.cftestataltarapaca.cl\/inicio\/oirs-cft-estatal-de-tarapaca\/\">OIRS<\/a><\/li>\n<\/ol>\n<h2>P\u00ede de P\u00e1gina<\/h2>\n<ol>\n<li><a href=\"http:\/\/www.cftestataltarapaca.cl\/inicio\/identidad-visual\/\">Material Digital<\/a><\/li>\n<li><a href=\"http:\/\/www.cftestataltarapaca.cl\/inicio\/mapa-del-sitio\/\">Mapa del Sitio<\/a><\/li>\n<li><a href=\"http:\/\/cet.umas.cl\/certificados\/\">Validador de Documentos<\/a><\/li>\n<li><a href=\"https:\/\/www.cftestataltarapaca.cl\/inicio\/trabaja-con-nosotros\/\">Trabaja con Nosotros<\/a><\/li>\n<\/ol>\n<h2>Redes Sociales<\/h2>\n<ol>\n<li><a href=\"https:\/\/twitter.com\/CFTesTarapaca\">Twitter<\/a><\/li>\n<li><a href=\"https:\/\/www.facebook.com\/CFTestataltarapaca\/\">Facebook<\/a><\/li>\n<li><a href=\"https:\/\/www.instagram.com\/CFTestataltarapaca\/\">Instagram<\/a><\/li>\n<\/ol>\n[\/vc_column_text][\/vc_column][\/vc_row]\n","protected":false},"excerpt":{"rendered":"<p>[vc_row type=\u00bbfull_width_background\u00bb full_screen_row_position=\u00bbmiddle\u00bb bg_image=\u00bb1255&#8243; bg_position=\u00bbleft top\u00bb bg_repeat=\u00bbno-repeat\u00bb bg_color=\u00bb#46b1d6&#8243; scene_position=\u00bbcenter\u00bb text_color=\u00bblight\u00bb text_align=\u00bbleft\u00bb overlay_strength=\u00bb0.3&#8243; shape_divider_position=\u00bbbottom\u00bb shape_type=\u00bb\u00bb][vc_column column_padding=\u00bbno-extra-padding\u00bb column_padding_position=\u00bball\u00bb background_color_opacity=\u00bb1&#8243; background_hover_color_opacity=\u00bb1&#8243; column_shadow=\u00bbnone\u00bb column_border_radius=\u00bbnone\u00bb top_margin=\u00bb20&#8243; bottom_margin=\u00bb20&#8243; width=\u00bb1\/1&#8243; tablet_text_alignment=\u00bbdefault\u00bb phone_text_alignment=\u00bbdefault\u00bb column_border_width=\u00bbnone\u00bb column_border_style=\u00bbsolid\u00bb][vc_column_text css=\u00bb.vc_custom_1554121192910{padding-top: 35px !important;}\u00bb]&#8230;<\/p>\n","protected":false},"author":1,"featured_media":0,"parent":0,"menu_order":0,"comment_status":"open","ping_status":"open","template":"","meta":{"_joinchat":[],"footnotes":""},"class_list":["post-1291","page","type-page","status-publish","hentry"],"yoast_head":"<!-- This site is optimized with the Yoast SEO plugin v27.3 - https:\/\/yoast.com\/product\/yoast-seo-wordpress\/ -->\n<title>Mapa del Sitio - CFT Estatal Tarapac\u00e1<\/title>\n<meta name=\"description\" content=\"Conoce todo lo relacionado al \u00e1rea de Bienestar Estudiantil del Centro de Formaci\u00f3n T\u00e9cnica Estatal de Tarapac\u00e1. #T\u00e9cnicosparaTarapac\u00e1\" \/>\n<meta name=\"robots\" content=\"index, follow, max-snippet:-1, max-image-preview:large, max-video-preview:-1\" \/>\n<link rel=\"canonical\" href=\"https:\/\/www.cftestataltarapaca.cl\/inicio\/mapa-del-sitio\/\" \/>\n<meta property=\"og:locale\" content=\"es_ES\" \/>\n<meta property=\"og:type\" content=\"article\" \/>\n<meta property=\"og:title\" content=\"Mapa del Sitio - CFT Estatal Tarapac\u00e1\" \/>\n<meta property=\"og:description\" content=\"Conoce todo lo relacionado al \u00e1rea de Bienestar Estudiantil del Centro de Formaci\u00f3n T\u00e9cnica Estatal de Tarapac\u00e1. #T\u00e9cnicosparaTarapac\u00e1\" \/>\n<meta property=\"og:url\" content=\"https:\/\/www.cftestataltarapaca.cl\/inicio\/mapa-del-sitio\/\" \/>\n<meta property=\"og:site_name\" content=\"CFT Estatal Tarapac\u00e1\" \/>\n<meta property=\"article:publisher\" content=\"https:\/\/www.facebook.com\/CFTestataltarapaca\/\" \/>\n<meta property=\"article:modified_time\" content=\"2020-08-24T23:52:20+00:00\" \/>\n<meta name=\"twitter:card\" content=\"summary_large_image\" \/>\n<meta name=\"twitter:site\" content=\"@CFTesTarapaca\" \/>\n<meta name=\"twitter:label1\" content=\"Tiempo de lectura\" \/>\n\t<meta name=\"twitter:data1\" content=\"2 minutos\" \/>\n<script type=\"application\/ld+json\" class=\"yoast-schema-graph\">{\"@context\":\"https:\\\/\\\/schema.org\",\"@graph\":[{\"@type\":\"WebPage\",\"@id\":\"https:\\\/\\\/www.cftestataltarapaca.cl\\\/inicio\\\/mapa-del-sitio\\\/\",\"url\":\"https:\\\/\\\/www.cftestataltarapaca.cl\\\/inicio\\\/mapa-del-sitio\\\/\",\"name\":\"Mapa del Sitio - CFT Estatal Tarapac\u00e1\",\"isPartOf\":{\"@id\":\"https:\\\/\\\/www.cftestataltarapaca.cl\\\/inicio\\\/#website\"},\"datePublished\":\"2019-03-15T18:09:13+00:00\",\"dateModified\":\"2020-08-24T23:52:20+00:00\",\"description\":\"Conoce todo lo relacionado al \u00e1rea de Bienestar Estudiantil del Centro de Formaci\u00f3n T\u00e9cnica Estatal de Tarapac\u00e1. #T\u00e9cnicosparaTarapac\u00e1\",\"breadcrumb\":{\"@id\":\"https:\\\/\\\/www.cftestataltarapaca.cl\\\/inicio\\\/mapa-del-sitio\\\/#breadcrumb\"},\"inLanguage\":\"es\",\"potentialAction\":[{\"@type\":\"ReadAction\",\"target\":[\"https:\\\/\\\/www.cftestataltarapaca.cl\\\/inicio\\\/mapa-del-sitio\\\/\"]}]},{\"@type\":\"BreadcrumbList\",\"@id\":\"https:\\\/\\\/www.cftestataltarapaca.cl\\\/inicio\\\/mapa-del-sitio\\\/#breadcrumb\",\"itemListElement\":[{\"@type\":\"ListItem\",\"position\":1,\"name\":\"Portada\",\"item\":\"https:\\\/\\\/www.cftestataltarapaca.cl\\\/inicio\\\/\"},{\"@type\":\"ListItem\",\"position\":2,\"name\":\"Mapa del Sitio\"}]},{\"@type\":\"WebSite\",\"@id\":\"https:\\\/\\\/www.cftestataltarapaca.cl\\\/inicio\\\/#website\",\"url\":\"https:\\\/\\\/www.cftestataltarapaca.cl\\\/inicio\\\/\",\"name\":\"CFT Estatal Tarapac\u00e1\",\"description\":\"Admisi\u00f3n 2025\",\"publisher\":{\"@id\":\"https:\\\/\\\/www.cftestataltarapaca.cl\\\/inicio\\\/#organization\"},\"potentialAction\":[{\"@type\":\"SearchAction\",\"target\":{\"@type\":\"EntryPoint\",\"urlTemplate\":\"https:\\\/\\\/www.cftestataltarapaca.cl\\\/inicio\\\/?s={search_term_string}\"},\"query-input\":{\"@type\":\"PropertyValueSpecification\",\"valueRequired\":true,\"valueName\":\"search_term_string\"}}],\"inLanguage\":\"es\"},{\"@type\":\"Organization\",\"@id\":\"https:\\\/\\\/www.cftestataltarapaca.cl\\\/inicio\\\/#organization\",\"name\":\"CFT Estatal Tarapac\u00e1\",\"url\":\"https:\\\/\\\/www.cftestataltarapaca.cl\\\/inicio\\\/\",\"logo\":{\"@type\":\"ImageObject\",\"inLanguage\":\"es\",\"@id\":\"https:\\\/\\\/www.cftestataltarapaca.cl\\\/inicio\\\/#\\\/schema\\\/logo\\\/image\\\/\",\"url\":\"https:\\\/\\\/www.cftestataltarapaca.cl\\\/inicio\\\/wp-content\\\/uploads\\\/2019\\\/03\\\/logo-retina-1.png\",\"contentUrl\":\"https:\\\/\\\/www.cftestataltarapaca.cl\\\/inicio\\\/wp-content\\\/uploads\\\/2019\\\/03\\\/logo-retina-1.png\",\"width\":401,\"height\":150,\"caption\":\"CFT Estatal Tarapac\u00e1\"},\"image\":{\"@id\":\"https:\\\/\\\/www.cftestataltarapaca.cl\\\/inicio\\\/#\\\/schema\\\/logo\\\/image\\\/\"},\"sameAs\":[\"https:\\\/\\\/www.facebook.com\\\/CFTestataltarapaca\\\/\",\"https:\\\/\\\/x.com\\\/CFTesTarapaca\",\"https:\\\/\\\/www.instagram.com\\\/CFTestataltarapaca\\\/\"]}]}<\/script>\n<!-- \/ Yoast SEO plugin. -->","yoast_head_json":{"title":"Mapa del Sitio - CFT Estatal Tarapac\u00e1","description":"Conoce todo lo relacionado al \u00e1rea de Bienestar Estudiantil del Centro de Formaci\u00f3n T\u00e9cnica Estatal de Tarapac\u00e1. #T\u00e9cnicosparaTarapac\u00e1","robots":{"index":"index","follow":"follow","max-snippet":"max-snippet:-1","max-image-preview":"max-image-preview:large","max-video-preview":"max-video-preview:-1"},"canonical":"https:\/\/www.cftestataltarapaca.cl\/inicio\/mapa-del-sitio\/","og_locale":"es_ES","og_type":"article","og_title":"Mapa del Sitio - CFT Estatal Tarapac\u00e1","og_description":"Conoce todo lo relacionado al \u00e1rea de Bienestar Estudiantil del Centro de Formaci\u00f3n T\u00e9cnica Estatal de Tarapac\u00e1. #T\u00e9cnicosparaTarapac\u00e1","og_url":"https:\/\/www.cftestataltarapaca.cl\/inicio\/mapa-del-sitio\/","og_site_name":"CFT Estatal Tarapac\u00e1","article_publisher":"https:\/\/www.facebook.com\/CFTestataltarapaca\/","article_modified_time":"2020-08-24T23:52:20+00:00","twitter_card":"summary_large_image","twitter_site":"@CFTesTarapaca","twitter_misc":{"Tiempo de lectura":"2 minutos"},"schema":{"@context":"https:\/\/schema.org","@graph":[{"@type":"WebPage","@id":"https:\/\/www.cftestataltarapaca.cl\/inicio\/mapa-del-sitio\/","url":"https:\/\/www.cftestataltarapaca.cl\/inicio\/mapa-del-sitio\/","name":"Mapa del Sitio - CFT Estatal Tarapac\u00e1","isPartOf":{"@id":"https:\/\/www.cftestataltarapaca.cl\/inicio\/#website"},"datePublished":"2019-03-15T18:09:13+00:00","dateModified":"2020-08-24T23:52:20+00:00","description":"Conoce todo lo relacionado al \u00e1rea de Bienestar Estudiantil del Centro de Formaci\u00f3n T\u00e9cnica Estatal de Tarapac\u00e1. #T\u00e9cnicosparaTarapac\u00e1","breadcrumb":{"@id":"https:\/\/www.cftestataltarapaca.cl\/inicio\/mapa-del-sitio\/#breadcrumb"},"inLanguage":"es","potentialAction":[{"@type":"ReadAction","target":["https:\/\/www.cftestataltarapaca.cl\/inicio\/mapa-del-sitio\/"]}]},{"@type":"BreadcrumbList","@id":"https:\/\/www.cftestataltarapaca.cl\/inicio\/mapa-del-sitio\/#breadcrumb","itemListElement":[{"@type":"ListItem","position":1,"name":"Portada","item":"https:\/\/www.cftestataltarapaca.cl\/inicio\/"},{"@type":"ListItem","position":2,"name":"Mapa del Sitio"}]},{"@type":"WebSite","@id":"https:\/\/www.cftestataltarapaca.cl\/inicio\/#website","url":"https:\/\/www.cftestataltarapaca.cl\/inicio\/","name":"CFT Estatal Tarapac\u00e1","description":"Admisi\u00f3n 2025","publisher":{"@id":"https:\/\/www.cftestataltarapaca.cl\/inicio\/#organization"},"potentialAction":[{"@type":"SearchAction","target":{"@type":"EntryPoint","urlTemplate":"https:\/\/www.cftestataltarapaca.cl\/inicio\/?s={search_term_string}"},"query-input":{"@type":"PropertyValueSpecification","valueRequired":true,"valueName":"search_term_string"}}],"inLanguage":"es"},{"@type":"Organization","@id":"https:\/\/www.cftestataltarapaca.cl\/inicio\/#organization","name":"CFT Estatal Tarapac\u00e1","url":"https:\/\/www.cftestataltarapaca.cl\/inicio\/","logo":{"@type":"ImageObject","inLanguage":"es","@id":"https:\/\/www.cftestataltarapaca.cl\/inicio\/#\/schema\/logo\/image\/","url":"https:\/\/www.cftestataltarapaca.cl\/inicio\/wp-content\/uploads\/2019\/03\/logo-retina-1.png","contentUrl":"https:\/\/www.cftestataltarapaca.cl\/inicio\/wp-content\/uploads\/2019\/03\/logo-retina-1.png","width":401,"height":150,"caption":"CFT Estatal Tarapac\u00e1"},"image":{"@id":"https:\/\/www.cftestataltarapaca.cl\/inicio\/#\/schema\/logo\/image\/"},"sameAs":["https:\/\/www.facebook.com\/CFTestataltarapaca\/","https:\/\/x.com\/CFTesTarapaca","https:\/\/www.instagram.com\/CFTestataltarapaca\/"]}]}},"publishpress_future_workflow_manual_trigger":{"enabledWorkflows":[]},"_links":{"self":[{"href":"https:\/\/www.cftestataltarapaca.cl\/inicio\/wp-json\/wp\/v2\/pages\/1291","targetHints":{"allow":["GET"]}}],"collection":[{"href":"https:\/\/www.cftestataltarapaca.cl\/inicio\/wp-json\/wp\/v2\/pages"}],"about":[{"href":"https:\/\/www.cftestataltarapaca.cl\/inicio\/wp-json\/wp\/v2\/types\/page"}],"author":[{"embeddable":true,"href":"https:\/\/www.cftestataltarapaca.cl\/inicio\/wp-json\/wp\/v2\/users\/1"}],"replies":[{"embeddable":true,"href":"https:\/\/www.cftestataltarapaca.cl\/inicio\/wp-json\/wp\/v2\/comments?post=1291"}],"version-history":[{"count":10,"href":"https:\/\/www.cftestataltarapaca.cl\/inicio\/wp-json\/wp\/v2\/pages\/1291\/revisions"}],"predecessor-version":[{"id":5025,"href":"https:\/\/www.cftestataltarapaca.cl\/inicio\/wp-json\/wp\/v2\/pages\/1291\/revisions\/5025"}],"wp:attachment":[{"href":"https:\/\/www.cftestataltarapaca.cl\/inicio\/wp-json\/wp\/v2\/media?parent=1291"}],"curies":[{"name":"wp","href":"https:\/\/api.w.org\/{rel}","templated":true}]}}